se 11, what is -38 + -8?
-45
In base 16, what is 3 + 48?
4b
In base 9, what is -524 + -2?
-526
In base 8, what is 1102 - 0?
1102
In base 9, what is -55 + -50?
-115
In base 9, what is 6 - 113?
-106
In base 15, what is 42 - -32?
74
In base 13, what is 2577 - -5?
257c
In base 13, what is 5b + c?
6a
In base 4, what is 30020 + -1?
30013
In base 3, what is 110 - 20?
20
In base 10, what is -23 + 4?
-19
In base 13, what is -8c2 - 3?
-8c5
In base 3, what is 11212002 - -12?
11212021
In base 7, what is -4 - 166?
-203
In base 9, what is -24 - 2?
-26
In base 2, what is 100011 - 100?
11111
In base 8, what is -1 + 71?
70
In base 7, what is 103 + -30?
43
In base 2, what is -10000 + 1?
-1111
In base 3, what is -12121010 - -10?
-12121000
In base 4, what is 10 - 323?
-313
In base 5, what is -1100 - 10?
-1110
In base 10, what is 2 - 19?
-17
In base 16, what is -1 + -8c4?
-8c5
In base 4, what is -3203 + 11?
-3132
In base 6, what is 23 - 2452?
-2425
In base 14, what is 0 - 34?
-34
In base 5, what is 12 + 2224?
2241
In base 11, what is -93 - -2?
-91
In base 15, what is 16 - -10?
26
In base 6, what is 22153 + -1?
22152
In base 11, what is 12 - 14?
-2
In base 4, what is -1122 - -223?
-233
In base 7, what is -432 + 1?
-431
In base 8, what is 27 - -2?
31
In base 4, what is 11 - 1103313?
-1103302
In base 5, what is 24 - 23?
1
In base 9, what is 16 + 10?
26
In base 13, what is -2 + -182?
-184
In base 12, what is -5 - b61?
-b66
In base 16, what is -5 - 4?
-9
In base 14, what is -5 - -1183?
117c
In base 14, what is -3 + -a9?
-ac
In base 14, what is 0 + 1cb?
1cb
In base 15, what is 4 - -d1?
d5
In base 16, what is -1 + 3f?
3e
In base 11, what is 727 + 5?
731
In base 8, what is -1424 - -3?
-1421
In base 4, what is 12121 - -13?
12200
In base 3, what is -11 + -2221010?
-2221021
In base 12, what is 567 + -4?
563
In base 9, what is 0 + 1126?
1126
In base 12, what is -12 - -34?
22
In base 5, what is 2 - -22?
24
In base 7, what is 11 + -132?
-121
In base 15, what is 175 - 7?
16d
In base 10, what is -3059 - 1?
-3060
In base 7, what is 31 - 3?
25
In base 13, what is 2 + 17?
19
In base 8, what is -2 + 6664?
6662
In base 2, what is 11010001 + -10?
11001111
In base 11, what is 43a - -5?
444
In base 2, what is -1000 + -1110111?
-1111111
In base 7, what is 125 + 16?
144
In base 12, what is -b0 + 9?
-a3
In base 3, what is 112102202 + -2?
112102200
In base 8, what is 36 - -4?
42
In base 3, what is -11 + 11102222?
11102211
In base 16, what is -3 + -245?
-248
In base 16, what is 0 - -18d?
18d
In base 2, what is -1 + 100000111?
100000110
In base 8, what is -5 + 17?
12
In base 11, what is -150 + 3?
-148
In base 13, what is 8 + c3?
cb
In base 8, what is -24 + 105?
61
In base 16, what is 68d + -3?
68a
In base 16, what is 5e86 - 2?
5e84
In base 13, what is -252 + 2?
-250
In base 3, what is 101222 - 102?
101120
In base 8, what is -20 - 415?
-435
In base 13, what is 3 - -c1?
c4
In base 2, what is 110011 - 1101?
100110
In base 12, what is -2 + 224?
222
In base 4, what is 113 - 3?
110
In base 7, what is 1 - -50?
51
In base 2, what is -10111100010010 + 10?
-10111100010000
In base 3, what is 1211 - 201?
1010
In base 4, what is -202 - 3?
-211
In base 7, what is -4 - 1443?
-1450
In base 15, what is -3 + b2?
ae
In base 2, what is -10001000 + -1100?
-10010100
In base 3, what is 10 + 10121?
10201
In base 9, what is 321 - 4?
316
In base 3, what is -10 + -10?
-20
In base 6, what is 1005 - -2?
1011
In base 2, what is -11 + -10110100?
-10110111
In base 8, what is -5 - -74?
67
In base 7, what is 110546 - -2?
110551
In base 4, what is 311 + 11?
322
In base 8, what is 15 + -352?
-335
In base 2, what is 111 - 100?
11
In base 14, what is -2 - 892?
-894
In base 15, what is -8 + 219?
211
In base 13, what is 168 + 0?
168
In base 15, what is b2 + -c?
a5
In base 11, what is -2 - -18?
16
In base 11, what is 375 - -3?
378
In base 7, what is -15 - 3?
-21
In base 3, what is -1 - -2221?
2220
In base 10, what is -2017 - 1?
-2018
In base 4, what is 1012302 + -1?
1012301
In base 5, what is -12 - 14412?
-14424
In base 12, what is -1 - 56?
-57
In base 11, what is 12 - a9?
-97
In base 10, what is 43 - -5?
48
In base 7, what is -3255 + 3?
-3252
In base 2, what is 11101110 - -110?
11110100
In base 6, what is 554 + 3?
1001
In base 7, what is 1366 - 4?
1362
In base 14, what is 0 - 48?
-48
In base 10, what is -23 + 7?
-16
In base 2, what is 10 + -1000?
-110
In base 15, what is 7 + -1a?
-13
In base 7, what is -150 + 5?
-142
In base 6, what is -23 - -13?
-10
In base 6, what is -4 + -21020?
-21024
In base 6, what is 1400 + 5?
1405
In base 7, what is 630 - 3?
624
In base 4, what is -2221 - -101?
-2120
In base 15, what is -8de + 0?
-8de
In base 11, what is -4 - -125?
121
In base 7, what is 3 - -1062?
1065
In base 9, what is -1 - -37?
36
In base 12, what is -23 - 0?
-23
In base 9, what is 78 + -10?
68
In base 4, what is 23 - -1333?
2022
In base 14, what is a0 + -1a?
84
In base 12, what is 19 + -12?
7
In base 13, what is -b - 72?
-80
In base 12, what is -1 - -81?
80
In base 8, what is 2 + 10723?
10725
In base 16, what is -3 + -40?
-43
In base 16, what is -24c + 0?
-24c
In base 9, what is 4 - -133?
137
In base 16, what is -45 + 7?
-3e
In base 16, what is -7e8 - -1?
-7e7
In base 7, what is -6366 + 4?
-6362
In base 9, what is 47 - 20?
27
In base 15, what is -2 + 131?
12e
In base 14, what is -11 + b1?
a0
In base 2, what is -101010 - -10010100?
1101010
In base 13, what is -1b7 - 0?
-1b7
In base 9, what is -86 + 3?
-83
In base 4, what is 1 + -22203?
-22202
In base 9, what is 32 - -12?
44
In base 16, what is -a1 - 2?
-a3
In base 9, what is 322 - 1?
321
In base 6, what is 2240 - -4?
2244
In base 6, what is 1 + 545?
550
In base 16, what is b0 - -a?
ba
In base 3, what is -11 + 11110?
11022
In base 16, what is -bd9 - -3?
-bd6
In base 8, what is 33 - 1454?
-1421
In base 13, what is -9 - -28?
1c
In base 10, what is 101 + 2?
103
In base 5, what is 4 - 114?
-110
In base 5, what is 14 + 30?
44
In base 12, what is 21 + -1a3?
-182
In base 3, what is -1 + -1100101?
-1100102
In base 8, what is -47 + 54?
5
In base 12, what is -28 - -26?
-2
In base 2, what is -111111010 + -11001?
-1000010011
In base 2, what is -1000 + 10?
-110
In base 5, what is 2 - -43403?
43410
In base 8, what is -2 - 13?
-15
In base 16, what is -54 - e3?
-137
In base 8, what is -5 - -1347?
1342
In base 13, what is -49c - 4?
-4a3
In base 8, what is -1064 - -24?
-1040
In base 2, what is 10110100111 - 1?
10110100110
In base 10, what is 144 - -5?
149
In base 9, what is 50 + 80?
140
In base 15, what is -3 + -1d?
-21
In base 6, what is -5 + -133?
-142
In base 15, what is 27 - 5?
22
In base 15, what is -2 - 4?
-6
In base 11, what is -4 - 5273?
-5277
In base 16, what is -24d - 1?
-24e
In base 7, what is -4 - 33?
-40
In base 9, what is -34 - 10?
-44
In base 4, what is 210 + -102?
102
In base 2, what is 111001101011 - 100?
111001100111
In base 10, what is 2 - 186?
-184
In base 3, what is -200110 + -1210?
-202020
In base 5, what is 432 + -4?
423
In base 3, what is 12 + -1021?
-1002
In base 3, what is 211 + -22?
112
In base 9, what is 1342 + 11?
1353
In base 2, what is 1 - 100111000?
-100110111
In base 6, what is -25012 + 2?
-25010
In base 9, what is 3 - -16?
20
In base 12, what is -38 - -26?
-12
In base 9, what is -2754 - 1?
-2755
In base 10, what is 268 - -19?
287
In base 14, what is 0 - 87d?
-87d
In base 13, what is -51 + -28?
-79
In base 5, what is 4 + -43233?
-43224
In base 6, what is -2 - -22?
20
In base 2, what is -1110001110100 - 11?
-1110001110111
In base 5, what is -2 + 22?
20
In base 13, what is 4 + 2aa?
2b1
In base 5, what is -4 + 111343?
111334
In base 15, what is 35 - e?
26
In base 4, what is 13203 - 2?
13201
In base 16, what is -f - 3f?
-4e
In base 7, what is 2 + -2002?
-2000
In base 2, what is -110011 + -100100?
-1010111
In base 2, what is 1010110 + 1?
1010111
In base 11, what is -32 + 4?
-29
In base 15, what is 8 + -1b?
-13
In base 16, what is -d - 5?
-12
In base 7, what is -1 + 6?
5
In base 13, what is -3 - 292?
-295
In base 6, what is 2311 + 4?
2315
In base 13, what is -122 + 3?
-11c
In base 5, what is -41434 - 12?
-42001
In base 11, what is 192 + 4?
196
In base 10, what is 7 + -1554?
-1547
In base 6, what is 4043 - -12?
4055
In base 12, what is -265 - -11?
-254
In base 7, what is -4 -